{"id":95,"date":"2020-04-23T15:33:43","date_gmt":"2020-04-23T15:33:43","guid":{"rendered":"http:\/\/mediafoyer.de\/?page_id=95"},"modified":"2023-02-15T18:53:33","modified_gmt":"2023-02-15T18:53:33","slug":"leistungen","status":"publish","type":"page","link":"https:\/\/mediafoyer.de\/?page_id=95","title":{"rendered":"Leistungen"},"content":{"rendered":"<!-- wp:themify-builder\/canvas \/--><!--themify_builder_static--><h1 style=\"cursor: text;\">\u00a0<\/h1> <h1 style=\"cursor: text;\">Leistungen<\/h1>\n<h2>Unsere Leistungen im \u00dcberblick<\/h2>\n<ul> <li>Vermarktung von Medien aller Gattungen mit Schwerpunkt Online, Print und TV<\/li> <li>Betreuung von Keyaccounts und Neukundenakquise<\/li> <li>Leitung und Steuerung der Sales Aktivit\u00e4ten<\/li> <li>Konzeption, Durchf\u00fchrung und Monitoring von Sales-Strategien zur Markterschlie\u00dfung<\/li> <li>Sicherung und Erweiterung der Gesch\u00e4ftsfelder<\/li> <\/ul>\n<ul> <li>Markt- und Konkurrenzanalyse, Bewertung von Absatzentwicklungen<\/li> <li>Identifikation neuer Erl\u00f6squellen<\/li> <li>Erstellung von Vermarktungskonzepten und \u2013 unterlagen<\/li> <li>Weiterentwicklung und Optimierung der Produkte aus Sales-Sicht als Schnittstelle zu Marketing und Produktmanagement<\/li> <li>Reporting, quantitative Erfolgsmessung und Qualit\u00e4tskontrolle <\/li> <\/ul>\n<img decoding=\"async\" src=\"https:\/\/mediafoyer.de\/wp-content\/uploads\/2020\/07\/imageedit_2_4095803857-1.png\" title=\"imageedit_2_4095803857\" alt=\"imageedit_2_4095803857\" srcset=\"https:\/\/mediafoyer.de\/wp-content\/uploads\/2020\/07\/imageedit_2_4095803857-1.png 842w, https:\/\/mediafoyer.de\/wp-content\/uploads\/2020\/07\/imageedit_2_4095803857-1-300x212.png 300w, https:\/\/mediafoyer.de\/wp-content\/uploads\/2020\/07\/imageedit_2_4095803857-1-768x543.png 768w\" sizes=\"(max-width: 842px) 100vw, 842px\" \/>\n<h2>Sitemap<\/h2> <p><a href=\"#Mission\">Mission<\/a><\/p> <p><a href=\"https:\/\/mediafoyer.de\/?page_id=95\">Leistungen<\/a><\/p> <p><a href=\"https:\/\/mediafoyer.de\/?page_id=311\">Profil<\/a><\/p> <p><a href=\"https:\/\/mediafoyer.de\/?page_id=104\">Meilensteine<\/a><\/p> <p><a href=\"https:\/\/mediafoyer.de\/?page_id=389\">Referenzen<\/a><\/p> <p><a href=\"https:\/\/mediafoyer.de\/?page_id=398\">Kontakt<\/a><\/p> <p><a href=\"https:\/\/mediafoyer.de\/?page_id=425\">Impressum<\/a><\/p> <p><a href=\"https:\/\/mediafoyer.de\/?page_id=444\">Datenschutzerkl\u00e4rung<\/a><\/p>\n<h2>Kontakt<\/h2> <p>Mediafoyer<\/p> <p>Marketing \/ Vertrieb \/ Vermarktung<\/p> <p>K\u00f6nigsreihe 57<\/p> <p>22041 Hamburg<\/p> <p>Tel. +49 (0) 40 \/ 6369 4693<\/p> <p>Email: kontakt@mediafoyer.de<\/p> <p>www.mediafoyer.de<\/p> <p>\u00a9 2020 Mediafoyer<\/p><!--\/themify_builder_static-->","protected":false},"excerpt":{"rendered":"<p>\u00a0 Leistungen Unsere Leistungen im \u00dcberblick Vermarktung von Medien aller Gattungen mit Schwerpunkt Online, Print und TV Betreuung von Keyaccounts und Neukundenakquise Leitung und Steuerung der Sales Aktivit\u00e4ten Konzeption, Durchf\u00fchrung und Monitoring von Sales-Strategien zur Markterschlie\u00dfung Sicherung und Erweiterung der Gesch\u00e4ftsfelder Markt- und Konkurrenzanalyse, Bewertung von Absatzentwicklungen Identifikation neuer Erl\u00f6squellen Erstellung von Vermarktungskonzepten und \u2013 [&hellip;]<\/p>\n","protected":false},"author":1,"featured_media":0,"parent":0,"menu_order":0,"comment_status":"closed","ping_status":"closed","template":"","meta":[],"builder_content":"<h1 style=\"cursor: text;\">\u00a0<\/h1> <h1 style=\"cursor: text;\">Leistungen<\/h1>\n<h2>Unsere Leistungen im \u00dcberblick<\/h2>\n<ul> <li>Vermarktung von Medien aller Gattungen mit Schwerpunkt Online, Print und TV<\/li> <li>Betreuung von Keyaccounts und Neukundenakquise<\/li> <li>Leitung und Steuerung der Sales Aktivit\u00e4ten<\/li> <li>Konzeption, Durchf\u00fchrung und Monitoring von Sales-Strategien zur Markterschlie\u00dfung<\/li> <li>Sicherung und Erweiterung der Gesch\u00e4ftsfelder<\/li> <\/ul>\n<ul> <li>Markt- und Konkurrenzanalyse, Bewertung von Absatzentwicklungen<\/li> <li>Identifikation neuer Erl\u00f6squellen<\/li> <li>Erstellung von Vermarktungskonzepten und \u2013 unterlagen<\/li> <li>Weiterentwicklung und Optimierung der Produkte aus Sales-Sicht als Schnittstelle zu Marketing und Produktmanagement<\/li> <li>Reporting, quantitative Erfolgsmessung und Qualit\u00e4tskontrolle <\/li> <\/ul>\n<img src=\"https:\/\/mediafoyer.de\/wp-content\/uploads\/2020\/07\/imageedit_2_4095803857-1.png\" title=\"imageedit_2_4095803857\" alt=\"imageedit_2_4095803857\" srcset=\"https:\/\/mediafoyer.de\/wp-content\/uploads\/2020\/07\/imageedit_2_4095803857-1.png 842w, https:\/\/mediafoyer.de\/wp-content\/uploads\/2020\/07\/imageedit_2_4095803857-1-300x212.png 300w, https:\/\/mediafoyer.de\/wp-content\/uploads\/2020\/07\/imageedit_2_4095803857-1-768x543.png 768w\" sizes=\"(max-width: 842px) 100vw, 842px\" \/>\n<h2>Sitemap<\/h2> <p><a href=\"#Mission\">Mission<\/a><\/p> <p><a href=\"https:\/\/mediafoyer.de\/?page_id=95\">Leistungen<\/a><\/p> <p><a href=\"https:\/\/mediafoyer.de\/?page_id=311\">Profil<\/a><\/p> <p><a href=\"https:\/\/mediafoyer.de\/?page_id=104\">Meilensteine<\/a><\/p> <p><a href=\"https:\/\/mediafoyer.de\/?page_id=389\">Referenzen<\/a><\/p> <p><a href=\"https:\/\/mediafoyer.de\/?page_id=398\">Kontakt<\/a><\/p> <p><a href=\"https:\/\/mediafoyer.de\/?page_id=425\">Impressum<\/a><\/p> <p><a href=\"https:\/\/mediafoyer.de\/?page_id=444\">Datenschutzerkl\u00e4rung<\/a><\/p>\n<h2>Kontakt<\/h2> <p>Mediafoyer<\/p> <p>Marketing \/ Vertrieb \/ Vermarktung<\/p> <p>K\u00f6nigsreihe 57<\/p> <p>22041 Hamburg<\/p> <p>Tel. +49 (0) 40 \/ 6369 4693<\/p> <p>Email: kontakt@mediafoyer.de<\/p> <p>www.mediafoyer.de<\/p> <p>\u00a9 2020 Mediafoyer<\/p>","_links":{"self":[{"href":"https:\/\/mediafoyer.de\/index.php?rest_route=\/wp\/v2\/pages\/95"}],"collection":[{"href":"https:\/\/mediafoyer.de\/index.php?rest_route=\/wp\/v2\/pages"}],"about":[{"href":"https:\/\/mediafoyer.de\/index.php?rest_route=\/wp\/v2\/types\/page"}],"author":[{"embeddable":true,"href":"https:\/\/mediafoyer.de\/index.php?rest_route=\/wp\/v2\/users\/1"}],"replies":[{"embeddable":true,"href":"https:\/\/mediafoyer.de\/index.php?rest_route=%2Fwp%2Fv2%2Fcomments&post=95"}],"version-history":[{"count":58,"href":"https:\/\/mediafoyer.de\/index.php?rest_route=\/wp\/v2\/pages\/95\/revisions"}],"predecessor-version":[{"id":784,"href":"https:\/\/mediafoyer.de\/index.php?rest_route=\/wp\/v2\/pages\/95\/revisions\/784"}],"wp:attachment":[{"href":"https:\/\/mediafoyer.de\/index.php?rest_route=%2Fwp%2Fv2%2Fmedia&parent=95"}],"curies":[{"name":"wp","href":"https:\/\/api.w.org\/{rel}","templated":true}]}}